 - 12. What are the prime factors of n?
97
Suppose 31*c = 27*c + 3*z + 5785, 5*z = 3*c - 4347. What are the prime factors of c?
2, 19
What are the prime factors of (-4095)/(-24) + 66/176?
3, 19
Suppose -2*v - 8 = 26. Let n(b) = b**3 + 17*b**2 + 15. List the prime factors of n(v).
3, 5
Suppose -18 = 6*g - 4*g. What are the prime factors of g/(-15) - (1476/(-15) + 4)?
5, 19
Suppose 22 = 5*j + 12. Suppose -5*l - 5*k + 19 + 51 = 0, 4*k - j = -l. Let q = 33 - l. What are the prime factors of q?
3, 5
Let q(g) = 1254*g**2 - 65*g - 129. What are the prime factors of q(-2)?
29, 173
Suppose -4*o + 72 = 4*r, -5*r - 4*o = 40 - 133. Suppose 0 = -u + 60 - r. Suppose 165 = 5*a + 4*i, -a - 2*i = -0*i - u. List the prime factors of a.
29
Let l = 3240 - 1994. What are the prime factors of l?
2, 7, 89
Suppose 542 = 5*p + 92. What are the prime factors of p?
2, 3, 5
Let j(x) = 22*x**3 - 6*x**2 + 3*x + 8. List the prime factors of j(4).
2, 3, 37
Let r(u) = u**2 + 8*u + 25. Let c be 57*((-6)/(-15) + 33/(-45)). List the prime factors of r(c).
2, 3, 13
Let o(p) be the second derivative of -p**5/60 + p**3/3 - 6*p. Let z(x) be the second derivative of o(x). List the prime factors of z(-8).
2
Let c(t) = 2*t**2 - t - 1. Let b(o) = 29*o**2 + 4*o - 7. Let z(k) = b(k) - 2*c(k). What are the prime factors of z(2)?
107
Suppose 0 = -36*x + 1157 + 3775. What are the prime factors of x?
137
Let o(y) = 6*y - 36. What are the prime factors of o(9)?
2, 3
Let n = 17 - 9. Let w be 2/(n/12) - -1. Suppose a + 75 = w*a. List the prime factors of a.
5
Let u(z) = z**3 - z**2 - 42*z + 28. What are the prime factors of u(13)?
2, 5, 151
Let d = -55 + 31. Let n be 87/2*(-16)/d. Let v = 31 - n. List the prime factors of v.
2
Suppose -8*u + 13*u = 0. Suppose -s = -u*s + 2. What are the prime factors of 16 - 1*s/(-1)?
2, 7
Let g(n) = n**2 + 8*n - 1. Let o be g(-7). Let h = o + 9. Let s(k) = 17*k**3 + k**2 + k - 1. List the prime factors of s(h).
2, 3
Let y(p) = -4*p**3 - 11*p**2 + 15*p + 20. List the prime factors of y(-6).
2, 199
Let k = 9294 + -6578. What are the prime factors of k?
2, 7, 97
Let k = -347 + 533. Suppose 8*d = k + 206. List the prime factors of d.
7
Let u(y) = -6*y. Let o be u(-1). Suppose -3*i - 12 = -o*i. Suppose -i*t + 23 = 2*m - 95, 3*m = -3*t + 93. List the prime factors of t.
2, 7
Suppose -12*r - 157 = -13*r. List the prime factors of r.
157
Let b = 194 - 190. List the prime factors of b.
2
Let v(g) be the second derivative of -2*g**3 - 5*g**2 - 2*g. Let b = -21 - -17. List the prime factors of v(b).
2, 19
Suppose -1176 = 246*z - 253*z. What are the prime factors of z?
2, 3, 7
Let k(p) = 10 - 25 + 21 - p**2 + p. Let v be k(0). Suppose r + 145 = v*r. What are the prime factors of r?
29
Suppose 6*i + 185 - 35 = 0. Let o = i + 74. List the prime factors of o.
7
Suppose -10*n + 70 - 60 = 0. Suppose -5*b + 52 = c, 6*b - b - 3*c = 44. Let t = b - n. What are the prime factors of t?
3
Suppose 3*d - 1716 - 3603 = -4*g, -4*g = -d - 5299. List the prime factors of g.
2, 3, 13, 17
Suppose -3*o + 0*o + 6*o = 0. Suppose o = -0*s - 4*s + 96. List the prime factors of s.
2, 3
Let y(a) = 4*a**2 - 11*a + 191. List the prime factors of y(-26).
3181
Let v = 26 + -23. Suppose 2*a + 40 = v*a. What are the prime factors of a?
2, 5
Let m = 946 - -1048. What are the prime factors of m?
2, 997
List the prime factors of -140*(-4 + -2*(-2)/(-8)).
2, 3, 5, 7
Let g(d) = -14*d. Let r be g(-2). Let l = r - -40. List the prime factors of l.
2, 17
Let l = 40 + -35. Suppose -2*n + 236 = -4*z - 174, -3*z = -l*n + 1032. What are the prime factors of n?
3, 23
Let q(d) = -14*d + 360. What are the prime factors of q(-16)?
2, 73
What are the prime factors of (-30)/75 - (82611/(-15) + 2)?
3, 5, 367
Suppose -5*c + 10868 = 3*z, 2*c + 0*z - 2*z = 4344. What are the prime factors of c?
41, 53
Suppose 0*f = -f - 2. Let h be 3/2*f - -3. Suppose 5*y = -h*y + 70. What are the prime factors of y?
2, 7
Let h(b) = 192*b**3 + 15*b**2 - 30*b - 1. List the prime factors of h(2).
5, 307
Suppose 15525 = -19*l + 42*l. What are the prime factors of l?
3, 5
Let t(r) = r**2 - 5. Let x be t(-3). Suppose 3*l = -5*b + 5*l + 875, -2*b + x*l + 334 = 0. List the prime factors of b.
3, 59
Suppose 0 = d - 1 - 1026. List the prime factors of d.
13, 79
Suppose 4*a = -j + 57 + 219, 148 = 2*a - 2*j. Let n be a/(-3)*54/(-45). Suppose -n*d + 153 = -25*d. List the prime factors of d.
3, 17
Let b(t) = t**2 - 3. Suppose 4*g + 2 = 14. Let o be b(g). Let l = o - -5. What are the prime factors of l?
11
Let t(p) = 853*p**2 - 5*p - 1. What are the prime factors of t(1)?
7, 11
Let w(n) = -n**2 + 9*n - 8. Let v be w(8). Suppose 186 = p - v*p. What are the prime factors of p?
2, 3, 31
List the prime factors of (-29 - -27) + (0 - -527).
3, 5, 7
Suppose -n = 2*z, 6 = -5*z - 4*n - 0*n. Let y(w) = 21*w - 5. List the prime factors of y(z).
37
Let y be ((-18)/9)/((-4)/(-22)). Let s be ((-6)/10)/(3/(-30)). Let d = s - y. What are the prime factors of d?
17
Suppose 5*p - 33 = 32. Let q(r) = -r**2 + 19*r - 18. Let j be q(18). Suppose j*n = n - p. List the prime factors of n.
13
Let w(b) = b**2 + 15*b - 14. Let h be w(-16). Suppose 4*j = h*j + 28. List the prime factors of j.
2, 7
Let q be -3*(13/(-3) + 3). Let o = -6 + q. List the prime factors of (o/(-4))/(2/8).
2
Let t = -2 + 1336. List the prime factors of t.
2, 23, 29
Let b = 26 + 2. Let v = -22 + b. Suppose 0 = -v*h + h + 115. List the prime factors of h.
23
Suppose -4*x = -5*n - 112, 2*n - n = 2*x - 62. Suppose d - 7 + x = 0. Let p = d - -38. What are the prime factors of p?
2, 3
Let a(y) = -y**3 + 16*y**2 + 16*y - 16. Let s be a(17). Let i = 55 + s. List the prime factors of i.
2, 11
Let a(l) = l - 15. Let d be a(9). Let o = d - -16. List the prime factors of 274/o - 20/50.
3
Suppose -4*g - 8 = 0, -5*j - 3*g + 36 = 12. Let p be j/(-5)*(-10)/4. List the prime factors of ((-1)/p)/((-3)/153).
17
What are the prime factors of (-182)/((24/(-592))/(9/12))?
7, 13, 37
Let s = 20 - 25. Let r(x) = x**2 - x + 1. Let k(t) = -55*t**3 - 5*t**2 + 6*t - 5. Let h(d) = s*r(d) - k(d). List the prime factors of h(1).
2, 3
Let y be -1 + 83 + -2 + 4. Let j be 4/(-10) - y/(-35). Suppose 0 = j*z - 36 - 40. List the prime factors of z.
2, 19
Suppose 490 = -2*b - 5*b. Let x = b + 255. What are the prime factors of x?
5, 37
Suppose -131 = -15*k + 14*k. Let n = k + -77. What are the prime factors of n?
2, 3
Let m be -2*(-4 + 5)*4. List the prime factors of 2829/45 - m/60.
3, 7
Suppose 4*u - 244 = q, 2*q + 2*q - 104 = -2*u. What are the prime factors of (-4)/10 + 4464/u?
2, 37
Suppose -5*t + 17196 = -4694. What are the prime factors of t?
2, 11, 199
Let a(c) = -c**3 + 3*c**2 + 10*c - 8. Let n be a(4). Suppose 10 = 3*h + n. What are the prime factors of -1*5*h/1?
2, 5
Let v(a) = a**2 - a - 5. Let z be v(-5). Let c be -4 + z - 3/(-1). Let y = c + -11. List the prime factors of y.
13
Let y = 2713 + -1084. List the prime factors of y.
3, 181
Let v = -3 + 8. Suppose -4*d = -3*n + 68, -v*d - 21 = -n - 2*d. List the prime factors of n.
2, 3
Let h be (-35)/(-4)*1*-4. Let t = h - -64. Suppose -2*w + 9 + t = 0. List the prime factors of w.
19
Suppose 3*s + 1086 = 6*s. List the prime factors of s.
2, 181
List the prime factors of (-6)/((-2)/(-1)) + (8 - -1240).
3, 5, 83
Let q(r) = 2*r**2 + 12*r + 13. Let w be q(-7). Suppose -390 = -2*d - 4*h, -4*h = w - 7. What are the prime factors of d?
5, 41
Let f = -87 + 276. What are the prime factors of f?
3, 7
Suppose a - 5*d + 5 + 8 = 0, 4*a + 3*d = 40. Let b = a - 5. List the prime factors of b/(-4)*-46*1.
23
Suppose 4*j - 16 = 0, -2*u = 2*j + 2*j - 20. Let c be (3 + -1)*(4 - u). Suppose 0*r + c*r - 44 = 0. List the prime factors of r.
11
Suppose 5*q = -5, 2*l - 5*q = 193 - 36. Let f = -42 + l. What are the prime factors of f?
2, 17
Let u be 1*3*6/6. Let b(p) = -p**3 + 5*p**2 - 3*p. What are the prime factors of b(u)?
3
Let w be (-964)/10 + 6/15. Let u be (99/4)/(-2 + 117/72). Let s = u - w. What are the prime factors of s?
2, 3, 5
Let z = -101 - -371. List the prime factors of z.
2, 3, 5
Let j be 20/2 + (-5 - -2). Let h(p) be the third derivative of -p**5/60 + 3*p**4/8 - p**3/6 - 7*p**2. List the prime factors of h(j).
13
Suppose 2 = -0*o - 4*o + 2*c, -5*c + 35 = 5*o. Let z(f) = -12 - 28*f**2 + 53*f*